 - 51. Let a be t(-26). Suppose -5*o = -3*o - 8. What is the tens digit of 2/(a/(26/o))?
1
Let i = 16 - 15. Let y(r) = r**2. Let g be y(i). What is the units digit of ((-3)/g + 0)/(-1)?
3
Let w = 2133 - 979. What is the tens digit of w?
5
Suppose 3*n = w + 128, 3*w + 3*n + 408 - 72 = 0. Let a = w + 138. What is the tens digit of a?
2
Let l(o) = 918*o**2 + 4*o - 3. What is the tens digit of l(1)?
1
Let k(w) = -4*w - 7. Let i be k(-3). Suppose i*j + 15 = 0, 7*c - 2*c = -5*j + 740. What is the tens digit of c?
5
Suppose x - 20 = -2*q - 6, 0 = -5*q + 4*x + 22. Suppose -24 = -q*h + 2*h. Let l = h - -13. What is the units digit of l?
9
Let k = 373 + -169. Suppose -k = 2*l - 5*l. What is the tens digit of l?
6
What is the tens digit of (-20)/(-16) - (-58172)/16?
3
Let f be (-279)/15 + 21/35. Let v = f + 21. Suppose -5*b + 2 + 4 = p, 3*p - v*b = 0. What is the units digit of p?
1
Let h(w) = 2*w**3 - 4*w**2 - w + 6. Let c = 19 + -23. Let t be h(c). What is the units digit of t/(-28)*2/1?
3
Let r(h) = h + 1. Let j(a) = a**3 + 6*a**2 - a - 4. Let k(p) = -j(p) + 3*r(p). Let n be k(-6). Let y = n - -31. What is the units digit of y?
4
Let b(i) = i**2 + 15*i - 29. What is the units digit of b(9)?
7
Let z(l) = 4 + 106*l**3 + 21*l + 7*l**2 - 49*l**3 - 58*l**3. What is the tens digit of z(9)?
3
Let k(m) = 60*m + 138. What is the units digit of k(31)?
8
Let g(d) = d + 15. Let m be g(4). Let t = 43 - m. What is the tens digit of t?
2
Let p = -67 + 332. What is the units digit of p?
5
Let t(k) = -k. Let h(o) = -8*o + 32. Let c(i) = -h(i) - 4*t(i). What is the units digit of c(12)?
2
Let r = -154 - -156. Suppose -1 = -b - 4. What is the tens digit of b + r + -1 + 21?
1
Let j(m) = 10*m - 41. Let r(i) = 6*i + 1. Let k be r(3). What is the units digit of j(k)?
9
What is the hundreds digit of 3 - 6 - -2454 - -10?
4
Let n(i) = 131*i - 315. What is the tens digit of n(17)?
1
Suppose 0 = 3*c + 6*t - t - 661, 5*t = -5*c + 1105. Suppose -k = -5*v - 135, 0 = 4*k - 4*v - 778 + c. What is the units digit of k?
0
Let h be (0 - -4 - -3) + -2. Suppose 2*m - 54 = 3*y, h*y - 81 = 2*m - 5*m. What is the units digit of m?
7
Suppose c + 54 = 5*y, 0 = 2*y + y + 4*c - 37. What is the units digit of (9 - y) + 168/3?
4
Let d = -11493 - -16215. What is the thousands digit of d?
4
Let u = 30 - 28. Suppose -3*y - u*z = 2*y - 573, -4*y - z = -459. What is the hundreds digit of y?
1
Suppose 5*i - 12 = 2*i. Let a(f) = -13*f + 10. Let q be a(-9). Suppose 35 = s + 2*k - 5*k, -k = i*s - q. What is the units digit of s?
2
Suppose 0 = -4*v + 9*v - 80. Let d = 14 + v. What is the units digit of d?
0
Let o(g) = 285*g**2 + 4*g + 5. What is the hundreds digit of o(-1)?
2
Let c = 120 + -36. Let n(x) = x**2 - 2*x + 1. Let j be n(4). Suppose c = j*w - 7*w. What is the tens digit of w?
4
Let m(r) = 3*r**3 - 16*r**2 + 30*r - 1. What is the units digit of m(5)?
4
Suppose -4*c - 28 = -11*c. Suppose -2*l + 4*r + 108 = 0, -c*l + 129 + 99 = -5*r. What is the units digit of l?
2
Let u = -22 - -26. Suppose u*j + 246 = 10*j. What is the tens digit of j?
4
What is the hundreds digit of (-24)/(-15)*(-2 + -8)*-21?
3
What is the hundreds digit of (-5144)/(-3) - (-36)/(-54)?
7
Let n be 3/((-8)/(-168)*-3). Suppose 76 = 4*j - 2*j. Let v = j + n. What is the tens digit of v?
1
Let k(b) = -83*b + 41. What is the thousands digit of k(-14)?
1
Suppose 16*p = 14147 + 14781. What is the units digit of p?
8
What is the tens digit of (16/24 - 0)*1926?
8
Suppose 0 = -m + 5*m + 4*q - 8, -6 = -3*m - 2*q. What is the units digit of 0/(-33) - (-58)/m?
9
Let x(n) = 21*n - 2. Let j be x(-1). Let i = j + 28. What is the units digit of i?
5
Suppose -4*v - 10588 = -4*c, 27*c = 31*c + 3*v - 10553. What is the units digit of c?
2
Let q = 363 - -503. What is the hundreds digit of q?
8
Let c(q) = 28*q + 35. Let s be c(15). Suppose 5*a = s - 120. What is the tens digit of a?
6
Let o(u) = -1057*u - 77. What is the units digit of o(-3)?
4
Let u(c) = -6*c + 10. Let f be u(5). What is the tens digit of ((-248)/f + 1)*5?
6
Suppose 4*o + 4*i = 10040, 11*i - 7538 = -3*o + 6*i. What is the tens digit of o?
0
Let z(k) = 3*k + 18. Let y be z(8). Let j = 62 - y. Suppose 3*g - j = 154. What is the units digit of g?
8
Let o(x) = 2*x + 1933. What is the units digit of o(0)?
3
Let l(r) = r - 8. Let h(v) = 4*v - 33. Let b(z) = -6*h(z) + 26*l(z). Let n be b(10). What is the tens digit of (-3)/(-3) - (-1 - n)?
1
What is the thousands digit of (-9)/15 + 19/(190/21396)?
2
Let j = 108 - 13. Suppose 0 = -8*n + 311 - j. What is the tens digit of n?
2
Suppose 0 = d + 7 + 6. Let r = d - -24. What is the tens digit of r?
1
Let i(u) = -123*u + 2. What is the hundreds digit of i(-2)?
2
Suppose -6*m + 5*m = -250. Suppose -5*c = -0*c - m. What is the tens digit of c?
5
Let w(f) = 15*f**2 - 19*f + 131. What is the units digit of w(10)?
1
Suppose -19*j + 13943 + 18737 = 0. What is the units digit of j?
0
Let n = 479 + -238. What is the hundreds digit of n?
2
Let f be 0 + -2 - -6 - -1. Suppose 2*u + 5*c = 248, -u - 362 = -4*u - f*c. What is the units digit of u?
4
Let v(j) = -2*j**2 + 6*j + 3. Let f be v(-4). Let z = f - -94. Suppose -3*s = 3*a - 75, 4*a = 2*s + 3*a - z. What is the tens digit of s?
2
Suppose -5128 + 154 = -3*n - 3*w, 3*w = -n + 1652. What is the tens digit of n?
6
Let u(x) = -x**2 - 7*x + 6. Let z be u(-7). Let l be 388/20 + z/(-15). Suppose 0 = 2*v - 67 + l. What is the tens digit of v?
2
Let z = 571 - 394. Suppose -3*y - z = -4*p + 2*p, p - y = 86. What is the units digit of p?
1
Suppose 180*i - 175*i - 40 = 0. What is the units digit of 29 - (i/(-2) + 5)?
8
What is the units digit of ((-2)/8)/(3*(-5)/45420)?
7
Suppose -g - 8*q + 4*q = -4, -2*q = g. What is the tens digit of (-684)/(-16) + (-1)/g?
4
Suppose 13*n - 30961 + 6313 = 0. What is the tens digit of n?
9
Let d be (6 + -3)/((-6)/4). Let f be (16/24)/(d/60). Let p = -14 - f. What is the units digit of p?
6
Let a = 218 - 202. What is the units digit of a?
6
Suppose 2*t - 180 = -7*t. Let u = -12 - 2. Let m = t + u. What is the units digit of m?
6
Let h(j) = 63*j**2 - j - 2. Let g(c) = -c**2 - 4*c + 9. Let w be g(-7). Let a be 1/3 - w/(-9). What is the units digit of h(a)?
2
Let t(k) be the second derivative of 3*k**4/2 - 5*k**3/6 + k**2 - 22*k. What is the hundreds digit of t(3)?
1
Let m be 14 + (-1 - (1 - 5)). Let s = 93 - m. What is the tens digit of s?
7
What is the units digit of 31750/150*(-6)/(-10)?
7
What is the hundreds digit of 659 + -2*(5 - 6)?
6
Suppose p = -8*y + 17026, -2*y - 2*p + 4262 = p. What is the tens digit of y?
2
Let d(s) be the third derivative of 0*s - 1/20*s**5 - 1/15*s**6 + 1/3*s**3 + 0 + 0*s**4 - 12*s**2. What is the tens digit of d(-2)?
5
Let f(y) = -48*y - 2. Let u be f(-5). Suppose -3*t + u = -t. What is the units digit of t?
9
Suppose 89 + 9 = 5*u + w, -5*w = -u + 30. Suppose -k - 12 + 10 = 0. What is the units digit of ((-12)/u)/(k/20)?
6
Let h(j) = 2*j + 10. Let q be h(9). Suppose 3*u = -3*r + q + 293, 0 = 4*r + 3*u - 428. Suppose 4*p + r - 259 = 0. What is the units digit of p?
8
Suppose -5*u - 443 = 117. Let w be (-1)/(-3 - -2) - u. Suppose -3*y + w = y - 3*j, -y - 5*j = -11. What is the units digit of y?
6
Let k be 28/5*(-9 + 79). Suppose -4*d + 3*s + 196 = -111, s + k = 5*d. What is the tens digit of d?
7
Let c(b) = -13*b + 24. Let y be c(-16). Suppose -3*h = 5*j - 174, 3*h + h + 2*j = y. What is the tens digit of h?
5
Let j = -3 + -1. Let h be (j + 4)/(2 + 1). Suppose -7*c + c + 108 = h. What is the tens digit of c?
1
Let s = 698 + -469. Suppose p - s = 4*d, -3*p - 2*p = 3*d - 1260. What is the units digit of p?
9
Suppose 6657 = 9*v - 15771. What is the hundreds digit of v?
4
Let q = 3 - -12. Let h(u) = 5*u + 62. What is the tens digit of h(q)?
3
Let g(k) = 0 - 8 - 4 - 1 - 21*k. What is the tens digit of g(-14)?
8
Let p(r) = 144*r**2 - r + 1. Let u be 1*-3 + 9/(27/12). What is the hundreds digit of p(u)?
1
Let p(j) = 45*j**2 + 9*j + 8. Let d be p(-2). Suppose 97*h + d = 98*h. What is the units digit of h?
0
Let m(i) = i**2 - 8*i + 5. Let x be m(9). Suppose -x*w - 45 = -15*w. What is the tens digit of w?
4
Let y = 166 + -145. Suppose -w + 5 + 1 = 0. What is the units digit of 70/y*w/4?
5
Suppose 3*y = -6, -5606 = -15*a + 12*a - 2*y. What is the tens digit of a?
7